 6 + h. Calculate f(j).
2
Let h = -47 - -70. Let g(a) = 40*a**2 - 1 - 16*a**2 - 3*a - h*a**2. Let j be (6/(-5))/((-4)/10). Give g(j).
-1
Let a(y) be the second derivative of y**4/12 - y**3/6 + 7*y**2/2 + 23*y + 3. What is a(-3)?
19
Suppose d + 4 = 0, -2*z - 4*d + 6*d + 10 = 0. Suppose i = -n + z, -2*i - 8 = -n - 4. Let q(b) = -b - 4*b - 2 + 2*b**2 + b**3 + 3*b. Determine q(n).
10
Let k be 0/(3/(-3) + 12/(-6)) + 6. Let x(d) be the third derivative of 0 + 1/120*d**k - 9*d**2 + 0*d + 1/3*d**3 - 1/15*d**5 + 0*d**4. Give x(4).
2
Let h(g) = g**2 + 5*g + 78. Let y be 0*(28*5/40)/7. What is h(y)?
78
Suppose 20*f - 2*f = 54. Suppose -n = f*k - 6, -4*k + 7*k - 15 = 2*n. Let p(t) = -4 - 4*t**2 + 3*t + 4*t**2 + t**2. Determine p(n).
-4
Let h(m) = -2*m**2 + 3*m + 3. Let s be (-14)/(39/(-18) - -2). Suppose 3*g + 2*j + s = 0, 0*g + j = 3*g + 84. Let q be -4*(3/14 - 8/g). Give h(q).
-11
Let g(q) be the first derivative of -1 + 1/3*q**3 + 17*q + 7*q**2. Give g(-13).
4
Suppose 5 = 30*a - 31*a, 0 = -5*l - 2*a. Let k(c) = 2*c**2 + c - 3. Calculate k(l).
7
Let f = 148783 - 148783. Let c(o) be the third derivative of o**6/120 - o**5/60 - o**4/24 + o**3/3 - o**2. Give c(f).
2
Let k(i) be the third derivative of i**6/90 + i**3/6 + 5*i**2. Let x(w) be the first derivative of k(w). Suppose -3 = 58*c - 55*c. What is x(c)?
4
Suppose 12*q = q - 44. Let u(z) = -9*z - 14. Calculate u(q).
22
Suppose -k = m - 6, 5*k - 37 = -2*m + 5. Let y be (-63)/(-15) + (-2)/k. Let t(u) = 70*u + 5. Let g(q) = -17*q - 1. Let l(c) = -25*g(c) - 6*t(c). Give l(y).
15
Let u(i) = -177*i + 402*i - 155*i - 226*i - 314. Determine u(-2).
-2
Let x(d) = 0 - d**2 - d - 13 + 17 + 8*d**3 + 6. Let y(n) = 7*n**3 + 8. Let k(m) = 6*x(m) - 7*y(m). Determine k(-5).
9
Let d(j) = -j**3 - 17*j**2 + 14*j - 27. Let y(q) = q**2 + 157*q + 3388. Let a be y(-26). Give d(a).
45
Let c(l) = -2*l**3 - 58*l**2 + 4*l**3 + 37*l**2 - 3*l**3 + 3*l - 3 + 25*l**2. Calculate c(-2).
15
Let f = 361 - 518. Let d = 152 + f. Let q(c) = c**2 + 4*c + 1. Give q(d).
6
Suppose 2824 - 2778 = -23*y. Let g(q) be the third derivative of -q**5/15 - q**3/3 + 16*q**2. Calculate g(y).
-18
Suppose -x = -32 - 72. Let k = x - 101. Let v(i) be the third derivative of -i**4/24 + i**3/6 + 7*i**2. Calculate v(k).
-2
Let n be -15 + (162/(-9))/(-6). Let v be 64/10 + -3*n/(-90). Let l(a) = -24*a + 4. Let f(i) = 5*i - 1. Let q(j) = 14*f(j) + 3*l(j). What is q(v)?
-14
Let u(n) = n**2 + 40 - 21 + 12*n - 28 + 34 - 3*n. Determine u(-4).
5
Suppose -6 = w - 5*c - 3, 2*w - 36 = -4*c. Let f(m) = 3*m + 29. Let y(z) = -6*z - 53. Let n(j) = 5*f(j) + 3*y(j). Determine n(w).
-50
Let c be (-57)/9 + 1/3. Let w(h) be the second derivative of h**4/8 + h**3/2 + 216*h**2 - 392*h. Let p(s) be the first derivative of w(s). Determine p(c).
-15
Let m be 222/(-27) - (-2)/9. Let d(r) = -4*r**2 + 137*r + 17. Let t(v) = 5*v**2 - 177*v - 23. Let g(j) = -9*d(j) - 7*t(j). Determine g(m).
24
Suppose -11*y + 2259 = -6*y + 2*w, -w - 1351 = -3*y. Let d = y - 447. Let p(v) = -v - 3. Give p(d).
-7
Let x(g) = -g**3 + 23*g**2 - 42*g + 5. Suppose -2*b + 47 - 8 = -3. Give x(b).
5
Let s(l) = 2*l + 3*l - l**2 + l - 1. Let c be s(4). Let n(v) = -v**3 + 7*v**2 + 3*v - 7. Determine n(c).
14
Let q(s) = -s**2 + 10*s. Suppose -6 = 3*f, -2*p + 26 = -15*f + 20*f. Let i be ((480/p)/5)/(4/6). Give q(i).
16
Suppose 1818 - 564 = -270*y + 61*y. Let a(i) = 2*i - 3. Determine a(y).
-15
Let r(p) = p. Let s(t) = t**3 + 5*t**2 + 6*t - 1. Let u(f) = -2*r(f) + s(f). Let c = -18 + 44. Let w = c + -29. What is u(w)?
5
Let b(k) = 10*k + 51 - 13 - 19 + 1 - k**2 - 19. Determine b(10).
1
Let s = -12539 - -12533. Let f(c) = -c**3 - 4*c**2 + 7*c + 11. Determine f(s).
41
Let k(r) = -9888 + 34*r + 19771 - 9888. Determine k(2).
63
Let y(d) = 2*d**2 + 54*d + 1. Let u = -15473 - -15446. What is y(u)?
1
Let q(p) = -p**2 - 6*p - 7. Let m(f) = -f**2 - 46*f - 175. Let h be m(-41). Suppose 118*o - h = 124*o. Determine q(o).
-2
Let s(o) = -o**3 - 2*o**2 + o - 3. Let z(n) = 9 - 7*n**2 - 6*n**2 + 12*n**2 - 3*n. Let q be z(-4). Suppose 0 = q*l - 0*l + 15. Give s(l).
3
Let i(f) = 6*f + 12*f**3 + 2 - 5*f - 3*f**3. Suppose -3*d = 3*m - 18 + 33, -5*d - 17 = 3*m. What is i(d)?
-8
Let s(p) be the third derivative of -p**4/6 - 5*p**3/6 - 283*p**2. Let w(z) = 2*z + 1. Let d(y) = -s(y) - 4*w(y). Determine d(5).
-19
Let z(b) = -33*b + 3. Let k(t) = -25*t. Let a(p) = -4*k(p) + 3*z(p). Suppose 33*m = 32*m - 9. What is a(m)?
0
Suppose 180*h + 290 = -94 + 24. Let v(f) = 4*f**2 - 3*f - 9. Calculate v(h).
13
Let q(r) = 3*r**2 - 2*r + 1. Suppose -24*s + 30*s = -528. Let v = -86 - s. Determine q(v).
9
Let w(z) = -z**2 + 5*z - 17. Let t be -11*119/(-187)*1. Calculate w(t).
-31
Let m(v) be the first derivative of -v**4/4 - 3*v**3 + 7*v**2 + 11*v + 13812. Let b be -9 + (-1)/1*1. What is m(b)?
-29
Suppose 6 = o - s, 3*o - 18 = -3*s + s. Suppose -o = 6*y - 4*y. Let k(c) be the first derivative of -c**4/4 - 5*c**3/3 - c**2 + c - 17. Give k(y).
-11
Suppose -247*z + 256*z - 45 = 0. Let y(d) = -5*d - 27 + 3*d + z*d + 0*d - 4*d. Calculate y(-22).
-5
Let s(c) = -39 - 4*c**2 + 549318*c**3 + c - 2*c - 14*c**2 - 549319*c**3. Determine s(-18).
-21
Let r(p) be the second derivative of -p**5/20 + p**4/2 + 4*p**3/3 + 3*p**2/2 + 78*p. Let m(d) = d**2 - 7*d - 1. Let h be m(8). Calculate r(h).
10
Let j = -133 + -120. Let g = j - -247. Let h(c) = c**3 + 6*c**2 - c + 1. Calculate h(g).
7
Let g(c) = -6*c**2 + 775*c - 447*c - 325*c - 1. What is g(2)?
-19
Let p = 13944 - 13929. Let g(w) = 9*w - 143. Give g(p).
-8
Let u(a) be the third derivative of -1/24*a**4 + 11*a**2 + 0*a - 5/6*a**3 + 0. Give u(-6).
1
Let c = 91 - -8. Let b be c/(2 - 4/8). Let r be ((-88)/b)/(2/(-6)). Let n(o) = o**3 - 3*o**2 - 4*o + 3. What is n(r)?
3
Suppose 10*k + 14 = -3*b + 14*k, 2*b + 5*k = -17. Let i(o) = -o**2 + o - 8. Give i(b).
-50
Let i(j) = -16*j. Let d = -5505 - -5511. What is i(d)?
-96
Let d(k) = -6 + 276574*k - 276578*k + 6. Let p = 4 + -6. Determine d(p).
8
Let s(z) = 2*z**2 + 9*z - 49. Let r(n) = 10*n**2 + 36*n - 206. Let j(o) = 2*r(o) - 9*s(o). Give j(6).
47
Let c(h) = 38*h**3 - 117*h**2 - 29*h - 669. Let t(f) = -9*f**3 + 29*f**2 + 8*f + 167. Let x(a) = 4*c(a) + 17*t(a). Give x(26).
7
Let c(p) = -11*p + 1. Let a be (4/(-2))/14 - 4074/294. Let q be -6*((-6)/a + (-16)/168). What is c(q)?
23
Let b(h) = 645 + 642 + 641 - 2575 + 32*h + 641. Determine b(1).
26
Suppose 4 = t - 6. Let u(l) = 9*l + t - 265*l**2 + 258*l**2 - l**3 + 0*l**3. Give u(-8).
2
Suppose -213*a = -370*a - 314. Let z(j) = 26*j**2 + 5*j + 4. What is z(a)?
98
Let q be 22/6 - ((-78)/18 - -4). Suppose 0*y = -y + q*a - 15, -a = -4*y - 30. Let n(i) be the third derivative of -i**4/24 - 3*i**3/2 + 5*i**2. What is n(y)?
-2
Let d(b) = 0*b**2 - 9*b + 26 + 3*b - 6*b**2 + 4*b**2 - 2*b. Give d(5).
-64
Let b(w) = 20*w - 166. Suppose 3*t - n - 2*n = 33, 5*t = -n + 37. Calculate b(t).
-6
Let j(s) be the second derivative of 2*s**3/3 + 237*s**2/2 - 3213*s. Calculate j(-60).
-3
Let a(h) = -4*h**2 + 16*h + 1. Let v be (8/(-3))/(4 + (-152)/36). Let q = v + -10. Let l(s) = s**2 - 5*s. Let k(t) = q*a(t) + 7*l(t). Determine k(-3).
2
Let w(m) = 2*m - 28. Let r be w(15). Let g(c) = 4*c**3 + 4*c**2 - c + 6. Let v(p) = 2*p**3 + 2*p**2 + 3. Let j(l) = -3*g(l) + 5*v(l). What is j(r)?
-21
Let z(r) be the third derivative of -r**6/120 + r**5/6 + 3*r**4/8 + 9*r**3/2 - 6*r**2 - 21*r - 24. Determine z(11).
5
Let p = -5663 + 5669. Let b(z) be the first derivative of 6*z - 2*z + 2*z - z**2 + 6. Give b(p).
-6
Let s(v) be the second derivative of v**3/6 - 13*v**2/2 - 1526*v. Calculate s(6).
-7
Let t be (3 - 4) + 1 + 4/2. Let s be (t + 2 - (-12)/(-2)) + -1. Let q(d) = -2*d - 3. What is q(s)?
3
Suppose 2*y - 7 = -y - 2*a, -5*y + a - 10 = 0. Let r(o) = -106*o**3 + 4*o**2 + 3*o. Determine r(y).
107
Let i = -929 - -925. Let o(k) = -9*k + 5. Let u(c) be the first derivative of 17*c**2/2 - 9*c + 1. Let s(n) = i*u(n) - 7*o(n). What is s(-1)?
6
Let w(h) = -3*h**3 + 45*h**2 + 17*h + 34. Let x(r) = -2*r**3 + 30*r**2 + 12*r + 23. Let j(z) = 5*w(z) - 7*x(z). Give j(15).
24
Suppose -99 + 123 = -4*g. Let h(o) = -2*o**2 - o. Let z(p) = -14*p**2 - 8*p. Let j(v) = g*h(v) + z(v). Calculate j(-2).
-4
Let u(t) be the third derivative of -7/60*t**5 + 0 + 0*t + 14*t**2 + 0*t**4 + 1/6*t**3. 